tors of 331844?
2, 23, 3607
What are the prime factors of 3644031?
3, 227, 5351
List the prime factors of 333702.
2, 3, 18539
List the prime factors of 739.
739
What are the prime factors of 665880?
2, 3, 5, 31, 179
List the prime factors of 3916021.
3916021
List the prime factors of 2653435.
5, 97, 5471
What are the prime factors of 484517?
11, 17, 2591
What are the prime factors of 736373?
11, 66943
What are the prime factors of 110815?
5, 37, 599
What are the prime factors of 76?
2, 19
What are the prime factors of 263020?
2, 5, 13151
List the prime factors of 633907.
163, 3889
List the prime factors of 8824.
2, 1103
What are the prime factors of 2144818?
2, 13, 82493
List the prime factors of 3877387.
19, 29, 31, 227
List the prime factors of 1155470.
2, 5, 115547
What are the prime factors of 1330302?
2, 3, 221717
What are the prime factors of 6693519?
3, 7, 29, 379
What are the prime factors of 5696989?
17, 335117
List the prime factors of 3389966.
2, 71, 23873
What are the prime factors of 252938?
2, 7, 29, 89
What are the prime factors of 1480336?
2, 11, 13, 647
What are the prime factors of 17959?
17959
What are the prime factors of 885308?
2, 221327
What are the prime factors of 165339?
3, 18371
List the prime factors of 1592745.
3, 5, 7, 11, 197
What are the prime factors of 365954?
2, 67, 2731
What are the prime factors of 1184914?
2, 23, 25759
List the prime factors of 1480595.
5, 29, 10211
List the prime factors of 2654138.
2, 29, 67, 683
List the prime factors of 284464.
2, 23, 773
List the prime factors of 11024.
2, 13, 53
List the prime factors of 748206.
2, 3, 197, 211
List the prime factors of 7228559.
13, 556043
What are the prime factors of 665439?
3, 221813
What are the prime factors of 8029157?
8029157
List the prime factors of 313050.
2, 3, 5, 2087
List the prime factors of 545153.
7, 47, 1657
List the prime factors of 3686819.
293, 12583
What are the prime factors of 739181?
29, 71, 359
What are the prime factors of 613444?
2, 13, 47, 251
What are the prime factors of 340768?
2, 23, 463
What are the prime factors of 13134647?
3343, 3929
List the prime factors of 3956483.
23, 172021
What are the prime factors of 468556?
2, 11, 23, 463
List the prime factors of 263588.
2, 13, 37, 137
List the prime factors of 991532.
2, 487, 509
What are the prime factors of 202861?
17, 11933
What are the prime factors of 557700?
2, 3, 5, 11, 13
List the prime factors of 134669.
134669
What are the prime factors of 706150?
2, 5, 29, 487
What are the prime factors of 904739?
11, 233, 353
What are the prime factors of 2819359?
61, 46219
What are the prime factors of 650050?
2, 5, 13001
What are the prime factors of 19059715?
5, 193, 19751
List the prime factors of 19908254.
2, 1801, 5527
What are the prime factors of 5963729?
5963729
What are the prime factors of 2354757?
3, 784919
List the prime factors of 3072324.
2, 3, 503, 509
List the prime factors of 220811.
220811
What are the prime factors of 194827?
194827
What are the prime factors of 228152?
2, 19, 79
What are the prime factors of 473484?
2, 3, 11, 17, 211
List the prime factors of 210225.
3, 5, 2803
What are the prime factors of 167764?
2, 41941
List the prime factors of 82822.
2, 41411
List the prime factors of 4126152.
2, 3, 171923
List the prime factors of 18010117.
18010117
List the prime factors of 2923659.
3, 563, 577
What are the prime factors of 203695?
5, 40739
List the prime factors of 256182.
2, 3, 42697
What are the prime factors of 17493003?
3, 11, 29, 677
What are the prime factors of 28358528?
2, 11, 1831
List the prime factors of 4109761.
4109761
List the prime factors of 326819.
19, 103, 167
What are the prime factors of 4233473?
4233473
What are the prime factors of 256057?
256057
List the prime factors of 2397687.
3, 197, 4057
List the prime factors of 206989.
449, 461
List the prime factors of 1025247.
3, 341749
What are the prime factors of 380?
2, 5, 19
What are the prime factors of 294511?
7, 42073
What are the prime factors of 31280?
2, 5, 17, 23
List the prime factors of 602.
2, 7, 43
List the prime factors of 9322.
2, 59, 79
List the prime factors of 2609072.
2, 29, 5623
List the prime factors of 513321.
3, 397, 431
What are the prime factors of 11573902?
2, 379, 15269
List the prime factors of 5887679.
7, 841097
What are the prime factors of 9256361?
9256361
List the prime factors of 3760840.
2, 5, 167, 563
List the prime factors of 2991696.
2, 3, 62327
List the prime factors of 2390334.
2, 3, 269, 1481
List the prime factors of 1254459.
3, 271, 1543
What are the prime factors of 67442?
2, 33721
List the prime factors of 1129441.
1129441
What are the prime factors of 142707?
3, 47569
What are the prime factors of 500136?
2, 3, 7, 13, 229
What are the prime factors of 282366?
2, 3, 7, 83
What are the prime factors of 4260502?
2, 2130251
What are the prime factors of 1189574?
2, 41, 89, 163
List the prime factors of 7985834.
2, 3992917
What are the prime factors of 419512?
2, 41, 1279
What are the prime factors of 322307?
31, 37, 281
What are the prime factors of 1213820?
2, 5, 137, 443
What are the prime factors of 3236840?
2, 5, 19, 4259
List the prime factors of 468697.
468697
What are the prime factors of 227402?
2, 7, 37, 439
List the prime factors of 284942.
2, 7, 20353
List the prime factors of 2195974.
2, 11, 99817
What are the prime factors of 9151570?
2, 5, 915157
List the prime factors of 164079.
3, 59, 103
What are the prime factors of 3289666?
2, 163, 10091
List the prime factors of 452576.
2, 14143
List the prime factors of 170862.
2, 3, 28477
List the prime factors of 397663.
7, 56809
List the prime factors of 555308.
2, 13, 59, 181
What are the prime factors of 1494103?
13, 19, 23, 263
What are the prime factors of 101802?
2, 3, 19, 47
What are the prime factors of 24276?
2, 3, 7, 17
What are the prime factors of 36289793?
137, 264889
List the prime factors of 23633.
23633
List the prime factors of 1265412.
2, 3, 17, 6203
List the prime factors of 351652.
2, 7, 19, 661
What are the prime factors of 7593189?
3, 149, 16987
What are the prime factors of 363921?
3, 29, 47, 89
What are the prime factors of 219174?
2, 3, 36529
List the prime factors of 718728.
2, 3, 29947
List the prime factors of 452938.
2, 53, 4273
List the prime factors of 1470994.
2, 7, 105071
What are the prime factors of 70450?
2, 5, 1409
List the prime factors of 1371785.
5, 274357
List the prime factors of 982430.
2, 5, 17, 5779
What are the prime factors of 562968?
2, 3, 7, 1117
What are the prime factors of 357995?
5, 11, 23, 283
What are the prime factors of 1573968?
2, 3, 11, 271
What are the prime factors of 34196933?
2371, 14423
What are the prime factors of 3088053?
3, 251, 1367
What are the prime factors of 104710?
2, 5, 37, 283
List the prime factors of 3572466.
2, 3, 595411
What are the prime factors of 6520035?
3, 5, 593, 733
List the prime factors of 2166155.
5, 29, 14939
List the prime factors of 759049.
433, 1753
What are the prime factors of 14018267?
47, 298261
What are the prime factors of 492772?
2, 7, 17599
List the prime factors of 242306.
2, 97, 1249
What are the prime factors of 113835?
3, 5, 7589
List the prime factors of 7216028.
2, 1804007
List the prime factors of 24741212.
2, 6185303
List the prime factors of 10556429.
13, 812033
What are the prime factors of 464949?
3, 19, 2719
List the prime factors of 4531254.
2, 3, 7, 13, 43, 193
List the prime factors of 5667005.
5, 137, 8273
List the prime factors of 351255.
3, 5, 23417
What are the prime factors of 605172?
2, 3, 29, 37, 47
What are the prime factors of 18652991?
7, 41, 103, 631
What are the prime factors of 3738067?
1103, 3389
List the prime factors of 23137282.
2, 7, 101, 16363
What are the prime factors of 332444?
2, 7, 31, 383
What are the prime factors of 2291221?
61, 37561
List the prime factors of 4670645.
5, 7, 133447
What are the prime factors of 1348287?
3, 17, 26437
List the prime factors of 745465.
5, 7, 19, 59
List the prime factors of 670894.
2, 7, 173, 277
What are the prime factors of 529982?
2, 264991
What are the prime factors of 5502776?
2, 687847
What are the prime factors of 6954694?
2, 23, 151189
What are the prime factors of 519964?
2, 61, 2131
What are the p